{"id":139,"date":"2021-04-06T11:21:56","date_gmt":"2021-04-06T09:21:56","guid":{"rendered":"https:\/\/varmevest2.east.no\/?post_type=product&#038;p=38"},"modified":"2025-11-11T12:25:22","modified_gmt":"2025-11-11T10:25:22","slug":"varmesaler","status":"publish","type":"product","link":"https:\/\/varmevest.no\/sv\/produkt\/varmesaler\/","title":{"rendered":"V\u00e4rme i innersulorna"},"content":{"rendered":"<ul>\n<li>3 temperaturinst\u00e4llningar f\u00f6r maximal komfort\n<ul>\n<li>H\u00f6g, 55 grader och 3 - 4 timmars uppv\u00e4rmningstid<\/li>\n<li>Medium, 50 grader och 4 - 5 timmars uppv\u00e4rmningstid<\/li>\n<li>L\u00e5g, 45 grader och 6 - 7 timmars uppv\u00e4rmningstid<\/li>\n<\/ul>\n<\/li>\n<li>Laddaren har tv\u00e5 anslutningar f\u00f6r laddning av b\u00e5da sulorna samtidigt. F\u00f6r sulorna i storlekarna. 41-47 har vi nu \u00e4ndrat laddningskontakterna till micro-usb i sulan och usb-kontakt i v\u00e4gguttaget. Om du har ett USB-uttag i t.ex. bilen beh\u00f6ver du inte l\u00e4ngre en separat billaddare.<\/li>\n<li>230V v\u00e4ggladdare ing\u00e5r vid k\u00f6p av sulor.<\/li>\n<li>Batteriet \u00e4r inbyggt i sulorna<\/li>\n<li>Sulorna anpassas till \u00f6nskad storlek, 35 - 47<\/li>\n<\/ul>\n<p>&nbsp;<\/p>\n<h3>Instruktioner f\u00f6r anv\u00e4ndning<\/h3>\n<div class=\"page\" title=\"Sidan 1\">\n<div class=\"layoutArea\">\n<div class=\"column\">\n<ul>\n<li>\u00a0Ladda sulorna. Laddaren lyser gr\u00f6nt n\u00e4r sulorna \u00e4r fulladdade.<\/li>\n<li>Starta sulan med knappen p\u00e5 baksidan av sulan innan du s\u00e4tter i den i skorna. H\u00e5ll knappen H, M eller L intryckt i 2-3 sekunder.<strong>F\u00f6r att starta sulorna med fj\u00e4rrkontrollen.<\/strong><\/li>\n<li>St\u00e4ll in \u00f6nskad v\u00e4rmeniv\u00e5 genom att trycka p\u00e5 . H,M eller L-knappen.<\/li>\n<li>F\u00f6r att st\u00e4nga av sulorna, tryck och h\u00e5ll in off-knappen i 2-3 sekunder p\u00e5 fj\u00e4rrkontrollen.<\/li>\n<li>Sulorna kan \u00e4ven sl\u00e5s p\u00e5\/av utan fj\u00e4rrkontroll.<\/li>\n<li>Anv\u00e4nd samma procedur som ovan, men anv\u00e4nd knappen p\u00e5 baksidan av sulorna f\u00f6r att sl\u00e5 p\u00e5\/av och f\u00f6r att \u00e4ndra<strong>V<\/strong><strong style=\"line-height: 1.7em;\">armstyrka p\u00e5 sulorna<\/strong><\/li>\n<li>Om det inte g\u00e5r att starta sulorna med fj\u00e4rrkontrollen m\u00e5ste sulorna och fj\u00e4rrkontrollen kopplas ihop igen.<\/li>\n<li>F\u00f6r att koppla, tryck och h\u00e5ll in on\/off-knappen p\u00e5 sulorna tills lysdioderna blinkar p\u00e5 baksidan av sulorna, sl\u00e4pp sedan knappen och tryck p\u00e5 en av H-, M- eller L-knapparna p\u00e5 fj\u00e4rrkontrollen. Utf\u00f6r samma procedur \u00e4ven p\u00e5 den andra sulan.<\/li>\n<li>Kom ih\u00e5g att serva sulorna var 3:e m\u00e5nad n\u00e4r de inte anv\u00e4nds.<\/li>\n<\/ul>\n<\/div>\n<\/div>\n<\/div>\n<div class=\"page\" title=\"Sidan 1\">\n<div class=\"layoutArea\">\n<div class=\"column\">\n<div class=\"page\" title=\"Sidan 1\">\n<div class=\"layoutArea\">\n<div class=\"column\"><\/div>\n<\/div>\n<\/div>\n<\/div>\n<\/div>\n<\/div>\n<div class=\"page\" title=\"Sidan 1\">\n<div class=\"layoutArea\">\n<div class=\"column\">\n<div class=\"page\" title=\"Sidan 1\">\n<div class=\"layoutArea\">\n<div class=\"column\"><\/div>\n<\/div>\n<\/div>\n<\/div>\n<\/div>\n<\/div>","protected":false},"excerpt":{"rendered":"<p>Ett infrar\u00f6tt f\u00e4lt inbyggt i sulan som v\u00e4rmer t\u00e5rna och omr\u00e5det runtomkring, eftersom det \u00e4r d\u00e4r man fryser f\u00f6rst. Sulor med fj\u00e4rrkontroll f\u00f6r p\u00e5\/av och temperaturreglering.<\/p>","protected":false},"featured_media":1254,"template":"","meta":{"_acf_changed":false},"product_brand":[],"product_cat":[20],"product_tag":[],"class_list":{"0":"post-139","1":"product","2":"type-product","3":"status-publish","4":"has-post-thumbnail","6":"product_cat-varmesaler","8":"first","9":"instock","10":"taxable","11":"shipping-taxable","12":"purchasable","13":"product-type-variable"},"acf":[],"publishpress_future_workflow_manual_trigger":{"enabledWorkflows":[]},"_links":{"self":[{"href":"https:\/\/varmevest.no\/sv\/wp-json\/wp\/v2\/product\/139"}],"collection":[{"href":"https:\/\/varmevest.no\/sv\/wp-json\/wp\/v2\/product"}],"about":[{"href":"https:\/\/varmevest.no\/sv\/wp-json\/wp\/v2\/types\/product"}],"wp:featuredmedia":[{"embeddable":true,"href":"https:\/\/varmevest.no\/sv\/wp-json\/wp\/v2\/media\/1254"}],"wp:attachment":[{"href":"https:\/\/varmevest.no\/sv\/wp-json\/wp\/v2\/media?parent=139"}],"wp:term":[{"taxonomy":"product_brand","embeddable":true,"href":"https:\/\/varmevest.no\/sv\/wp-json\/wp\/v2\/product_brand?post=139"},{"taxonomy":"product_cat","embeddable":true,"href":"https:\/\/varmevest.no\/sv\/wp-json\/wp\/v2\/product_cat?post=139"},{"taxonomy":"product_tag","embeddable":true,"href":"https:\/\/varmevest.no\/sv\/wp-json\/wp\/v2\/product_tag?post=139"}],"curies":[{"name":"wp","href":"https:\/\/api.w.org\/{rel}","templated":true}]}}

Värme i innersulorna

<ul>
<li>3 temperaturinställningar för maximal komfort
<ul>
<li>Hög, 55 grader och 3 - 4 timmars uppvärmningstid</li>
<li>Medium, 50 grader och 4 - 5 timmars uppvärmningstid</li>
<li>Låg, 45 grader och 6 - 7 timmars uppvärmningstid</li>
</ul>
</li>
<li>Laddaren har två anslutningar för laddning av båda sulorna samtidigt. För sulorna i storlekarna. 41-47 har vi nu ändrat laddningskontakterna till micro-usb i sulan och usb-kontakt i vägguttaget. Om du har ett USB-uttag i t.ex. bilen behöver du inte längre en separat billaddare.</li>
<li>230V väggladdare ingår vid köp av sulor.</li>
<li>Batteriet är inbyggt i sulorna</li>
<li>Sulorna anpassas till önskad storlek, 35 - 47</li>
</ul>
<p>&nbsp;</p>
<h3>Instruktioner för användning</h3>
<div class="page" title="Sidan 1">
<div class="layoutArea">
<div class="column">
<ul>
<li> Ladda sulorna. Laddaren lyser grönt när sulorna är fulladdade.</li>
<li>Starta sulan med knappen på baksidan av sulan innan du sätter i den i skorna. Håll knappen H, M eller L intryckt i 2-3 sekunder.<strong>För att starta sulorna med fjärrkontrollen.</strong></li>
<li>Ställ in önskad värmenivå genom att trycka på . H,M eller L-knappen.</li>
<li>För att stänga av sulorna, tryck och håll in off-knappen i 2-3 sekunder på fjärrkontrollen.</li>
<li>Sulorna kan även slås på/av utan fjärrkontroll.</li>
<li>Använd samma procedur som ovan, men använd knappen på baksidan av sulorna för att slå på/av och för att ändra<strong>V</strong><strong style="line-height: 1.7em;">armstyrka på sulorna</strong></li>
<li>Om det inte går att starta sulorna med fjärrkontrollen måste sulorna och fjärrkontrollen kopplas ihop igen.</li>
<li>För att koppla, tryck och håll in on/off-knappen på sulorna tills lysdioderna blinkar på baksidan av sulorna, släpp sedan knappen och tryck på en av H-, M- eller L-knapparna på fjärrkontrollen. Utför samma procedur även på den andra sulan.</li>
<li>Kom ihåg att serva sulorna var 3:e månad när de inte används.</li>
</ul>
</div>
</div>
</div>
<div class="page" title="Sidan 1">
<div class="layoutArea">
<div class="column">
<div class="page" title="Sidan 1">
<div class="layoutArea">
<div class="column"></div>
</div>
</div>
</div>
</div>
</div>
<div class="page" title="Sidan 1">
<div class="layoutArea">
<div class="column">
<div class="page" title="Sidan 1">
<div class="layoutArea">
<div class="column"></div>
</div>
</div>
</div>
</div>
</div>

<p>Ett infrarött fält inbyggt i sulan som värmer tårna och området runtomkring, eftersom det är där man fryser först. Sulor med fjärrkontroll för på/av och temperaturreglering.</p>
