{"id":1443,"date":"2024-10-30T11:44:21","date_gmt":"2024-10-30T09:44:21","guid":{"rendered":"https:\/\/varmevest.no\/?post_type=ambassador&#038;p=1443"},"modified":"2024-11-14T12:12:46","modified_gmt":"2024-11-14T10:12:46","slug":"siri-myhra","status":"publish","type":"ambassador","link":"https:\/\/varmevest.no\/sv\/ambassador\/siri-myhra\/","title":{"rendered":"Siri Myhra"},"content":{"rendered":"<p>Mitt namn \u00e4r Siri Myhra och jag bor i Alta i Finnmark.<br>H\u00e4r uppe har jag haft stor nytta av varmevests produkter eftersom det \u00e4r relativt kallt 6 m\u00e5nader om \u00e5ret.<br>Jag anv\u00e4nder bland annat v\u00e4rmev\u00e4st, v\u00e4rmesulor och v\u00e4rmev\u00e4stens hylsa med v\u00e4rme i.<br>Den anv\u00e4nds b\u00e5de f\u00f6r jakt men \u00e4ven f\u00f6r vinterutflykter som t.ex. isfiske \ud83d\ude42 .<br>Jag jagar mycket \u00e4lg, det \u00e4r min favorit. Annars blir det lite rip- och r\u00e4vjakt utanf\u00f6r \u00e4lgjakten, och lite hjort- och r\u00e5djursjakt n\u00e4r jag \u00e4r nere i s\u00f6der med familjen innan jul \ud83d\ude42 .<br><br>Rekommenderar produkterna fr\u00e5n varmevest eftersom de \u00e4r kvalitetsprodukter som h\u00e5ller dig varm och mysig :)<\/p>","protected":false},"excerpt":{"rendered":"<p>Mitt namn \u00e4r Siri Myhra och jag bor i Alta i Finnmark.<br \/>\nH\u00e4r uppe har jag haft stor nytta av varmevests produkter eftersom det \u00e4r relativt kallt 6 m\u00e5nader om \u00e5ret.<br \/>\nJag anv\u00e4nder bland annat v\u00e4rmev\u00e4st, v\u00e4rmesulor och v\u00e4rmev\u00e4stens hylsa med v\u00e4rme i.<br \/>\nDen anv\u00e4nds b\u00e5de f\u00f6r jakt men \u00e4ven f\u00f6r vinterutflykter som t.ex. isfiske \ud83d\ude42 .<\/p>","protected":false},"featured_media":1444,"template":"","class_list":["post-1443","ambassador","type-ambassador","status-publish","has-post-thumbnail","hentry"],"acf":[],"publishpress_future_workflow_manual_trigger":{"enabledWorkflows":[]},"_links":{"self":[{"href":"https:\/\/varmevest.no\/sv\/wp-json\/wp\/v2\/ambassador\/1443"}],"collection":[{"href":"https:\/\/varmevest.no\/sv\/wp-json\/wp\/v2\/ambassador"}],"about":[{"href":"https:\/\/varmevest.no\/sv\/wp-json\/wp\/v2\/types\/ambassador"}],"wp:featuredmedia":[{"embeddable":true,"href":"https:\/\/varmevest.no\/sv\/wp-json\/wp\/v2\/media\/1444"}],"wp:attachment":[{"href":"https:\/\/varmevest.no\/sv\/wp-json\/wp\/v2\/media?parent=1443"}],"curies":[{"name":"wp","href":"https:\/\/api.w.org\/{rel}","templated":true}]}}

<p>Mitt namn är Siri Myhra och jag bor i Alta i Finnmark.<br>Här uppe har jag haft stor nytta av varmevests produkter eftersom det är relativt kallt 6 månader om året.<br>Jag använder bland annat värmeväst, värmesulor och värmevästens hylsa med värme i.<br>Den används både för jakt men även för vinterutflykter som t.ex. isfiske 🙂 .<br>Jag jagar mycket älg, det är min favorit. Annars blir det lite rip- och rävjakt utanför älgjakten, och lite hjort- och rådjursjakt när jag är nere i söder med familjen innan jul 🙂 .<br><br>Rekommenderar produkterna från varmevest eftersom de är kvalitetsprodukter som håller dig varm och mysig :)</p>

<p>Mitt namn är Siri Myhra och jag bor i Alta i Finnmark.<br />
Här uppe har jag haft stor nytta av varmevests produkter eftersom det är relativt kallt 6 månader om året.<br />
Jag använder bland annat värmeväst, värmesulor och värmevästens hylsa med värme i.<br />
Den används både för jakt men även för vinterutflykter som t.ex. isfiske 🙂 .</p>
